when c(-4) is divided by 80.
45
Let t(k) = 12 + 6*k + 15*k - k + k. Let s = 40 - 5. Calculate the remainder when t(6) is divided by s.
33
Suppose -2*h - 5*m + 243 = 0, -65 = -h - 4*m + 52. Suppose -3*g + h = -102. Calculate the remainder when g is divided by (-2388)/995*100/(-24).
7
Let o = 27 + -13. Let q(h) = h - 40. Let u be q(o). Let p = 35 + u. What is the remainder when 34 is divided by p?
7
What is the remainder when 220 is divided by 14/(-4)*(-64)/(-112)*34/(-4)?
16
Let z = -10466 + 10492. Calculate the remainder when 11621 is divided by z.
25
Let w(b) = -2*b + 124. Suppose 4*a + 3*v - 96 = -35, 3*a + v - 42 = 0. Calculate the remainder when w(0) is divided by a.
7
Let r(n) = -n**3 - 13*n**2 - 16*n - 2. Calculate the remainder when 388 is divided by r(-12).
20
Let g = 28 - 12. Let u(d) = -4*d - 74. Let i be u(-15). Calculate the remainder when 6 + 234/(-42) - 596/i is divided by g.
11
Suppose -c = -3*d + 553, -5*c = d + 4*d - 915. Suppose -5*k = 4*a - 94, 66 = -2*k + 70. Calculate the remainder when d is divided by a.
16
Let b(r) = -r - 13. Let c be ((-65)/(-20) + -1)/(12/16). Suppose 3*a + 194 = c*p - a, 68 = p - 2*a. Calculate the remainder when p is divided by b(-19).
4
Let k(m) = -m**3 + 15*m**2 - 28*m + 28. Let t be k(13). Suppose t*u - 67*c = -70*c + 95, u - 53 = 4*c. Calculate the remainder when 97 is divided by u.
48
Suppose 3*d + 101 - 1128 = 2*u, -4*d + 1351 = u. Let c = 67 + -33. Calculate the remainder when d is divided by c.
33
Let l(b) be the second derivative of -11/2*b**2 + 0 + 1/2*b**3 + 3*b + 1/12*b**4. What is the remainder when 99 is divided by l(-7)?
14
Suppose 18*y - 11774 + 614 = -137*y. Calculate the remainder when 621 is divided by y.
45
Let y = 54399 + -54150. Suppose 9 = -j + 32. What is the remainder when y is divided by j?
19
Let n(p) = -946*p**3 + 944*p**3 + 4 - 6*p + 13*p**2 - 2*p**2. Calculate the remainder when 51 is divided by n(4).
23
Let k = 29 - -24. Suppose -k - 111 = -4*w. What is the remainder when w is divided by (-52)/260 - (-2)/(-10)*-31?
5
Let d = -33 + 21. Let q(v) = -v + 53. What is the remainder when q(d) is divided by 10?
5
Let q(x) = 6*x + 41. Let n be q(-5). Let w(l) = -75 - 28 - n*l + l**2 + 140. What is the remainder when 53 is divided by w(10)?
26
Suppose 0 = c - 241 + 57. Suppose 4*q - c = 4*u, 2*q - 41 = q - 4*u. What is the remainder when q is divided by 13?
6
Let x be ((-2120)/(-15))/((-4)/(-18)). Let l = -618 + x. Let k(f) = -81*f - 2. Calculate the remainder when k(-2) is divided by l.
16
Let k = 37 + 87. Let b = -366 - -364. Calculate the remainder when k is divided by ((-20)/8)/(b*2/40).
24
Let z be 9/(-10) + 18/(-180). Calculate the remainder when (-2)/(z/10*-4) - -90 is divided by 20.
5
Let g = -41 + 42. Let u(h) = 23*h - 2. Let p be u(g). Suppose 4*r + p = 5*r. Calculate the remainder when 82 is divided by r.
19
Let n = -64 - -80. Suppose -n = -k + 14. Let r = -14 + 25. What is the remainder when k is divided by r?
8
What is the remainder when (19/(380/(-51180)))/(1*-1) is divided by 14?
11
Let t(v) = 44*v**2 - 201*v - 49. Calculate the remainder when t(8) is divided by 97.
92
Calculate the remainder when -5*1 - (-53 + -329) is divided by (-4)/(-28) - (-586)/14.
41
Let a = -173 - -242. Suppose 36*n = 138 + 42. Suppose n*r = 4*d + 8 - 109, 4*d = -2*r + 94. Calculate the remainder when a is divided by d.
21
Let v(g) = 0 - g**3 - 14*g**2 - 2 + 9*g + 11 - 22*g. Let f be v(-13). Suppose f = 2*h + 6*q - q, 2*q = 2*h - 2. Calculate the remainder when 3 is divided by h.
1
Let b(u) = -29*u - 3. Let d be b(3). Let m = 92 + d. What is the remainder when 4/((-6)/m + 252/81) is divided by 3?
0
Let x(f) = 2*f**2 + 8*f + 5. Let d be x(-5). Let o be 8 - (8/(-4) - -1). What is the remainder when 27 is divided by (o/(-6))/(d/(-80))?
3
Suppose -77*z + 11899 = -60789. Calculate the remainder when z is divided by 161.
139
Let o = 4852 + -1474. Calculate the remainder when o is divided by 109.
108
Suppose -b - 4*v + 1138 = 0, 149*v - 144*v = -4*b + 4552. What is the remainder when b is divided by 363?
49
Let t(q) = -5*q + 13 + 3*q + 4*q + 5*q. Suppose -24 = -5*p - 14, 4*s + 3*p = 6. What is the remainder when 36 is divided by t(s)?
10
Suppose -t + 2*d = -13, 2*t + 25*d - 66 = 21*d. Suppose 728 = -2*w + 6*w. Suppose -y = y - w. Calculate the remainder when y is divided by t.
22
Let u(r) = -19*r - 87. Let v be (1 + -1 + 2)/(2/14). Suppose -v*a - 84 = -18*a. Calculate the remainder when a is divided by u(-5).
5
What is the remainder when 17/((-187)/(-4961))*5 is divided by 47?
46
Suppose -27*k - 86 = 1399. Let t = k + 71. Calculate the remainder when 110 is divided by t.
14
Suppose 10 = -5*r - 0*r. Suppose -5659*t + 25 = -5654*t. What is the remainder when t is divided by r/4 + 25/10?
1
Let v(a) = a**2 - 31*a + 66. Let m be v(29). Let w(k) = 4*k + 66. Calculate the remainder when 190 is divided by w(m).
92
Let s(h) = -h**3 - 2*h**2 - 6*h - 11. Let r be s(5). Let l = -191 - r. What is the remainder when 51 is divided by l?
1
Suppose -2*g - 127 = 59. Let m = -61 - g. Let r = -23 + m. Calculate the remainder when 97 is divided by r.
7
Calculate the remainder when 2489/114*(0 + (11 - 5)) is divided by 77.
54
Suppose 0 = -2*b + 5*x - 6 + 298, -3*b + 429 = -3*x. What is the remainder when 701 is divided by b?
137
Let w(x) = 4*x**2 + 25*x + 8. Calculate the remainder when w(-10) is divided by 23.
20
Suppose 8 - 2 = 3*p. Let c(z) = -z**3 - 3*z**2 + 5*z + 6. Let s be c(-4). Suppose o - s = -0. What is the remainder when o is divided by p?
0
Calculate the remainder when 45 is divided by 7*((-170)/(-105) + (-30)/(-18)).
22
Let a be 1778/4*((-112)/98)/(-2). Let w = -166 + a. Calculate the remainder when w is divided by 15.
13
Let u(i) = -896*i**3 - 3*i**2 - 2*i - 1. Let n be u(-1). Suppose 426 + n = -5*r. What is the remainder when (9/(-12))/(((-15)/r)/(-5)) is divided by 17?
15
Let h(f) = f**3 - 2*f - 8. Suppose -2*v - 5*s - 15 = -76, -v + 38 = 4*s. What is the remainder when h(6) is divided by v?
16
Suppose 376 + 1232 = 6*l. Let v = l - 262. What is the remainder when v is divided by 2?
0
Let q(g) = -2*g**2 - 54*g + 26. Let a be q(-17). Let b = 445 - a. Calculate the remainder when b is divided by 16.
15
Let o = 606472 + -606463. Calculate the remainder when (-600)/(-7) + (-4)/(-14) is divided by o.
5
Let n = -183 + 314. Let k = n + -117. What is the remainder when 517 is divided by k?
13
Suppose r - 18 = 3*f, 2*f + 8 + 10 = r. Let p(i) = 12*i**2 + 36*i + 105. What is the remainder when p(-3) is divided by r?
15
Suppose 0 = 5*c - 4*i - 566, 39*c - 42*c - 2*i + 344 = 0. What is the remainder when 1811 is divided by c?
101
What is the remainder when 171 is divided by 188/(-470)*-95*1 - 5?
6
Let w = 2 + 18. What is the remainder when w is divided by (2/3)/((-8)/(-156))?
7
Suppose 51 = 14*y - 19. Suppose -k + 660 = 3*v, -557 + 1637 = 5*v - y*k. What is the remainder when v is divided by 14?
9
Let b(d) = 7*d - 2. Suppose 504 - 1176 = -6*s. What is the remainder when 1 - 10/16 - (-8134)/s is divided by b(3)?
16
Calculate the remainder when 561/1 + -146 + 140 is divided by 59.
24
Let p(y) = 399*y + 10425. Calculate the remainder when 7698 is divided by p(-26).
48
Let p be ((-2170)/28)/(2/(-4)). What is the remainder when 164 is divided by p/5 + (3 - 3) - -3?
28
Let i = 3008 + -1370. What is the remainder when i is divided by 150?
138
Let w = 138 - 134. Suppose -9*q - 47 = -10*q + w*b, 3*b - 9 = 0. What is the remainder when q is divided by 13?
7
Suppose 5*q - 26 - 79 = 0. Let a(u) = u**2 - u - 3. Let p be a(2). Calculate the remainder when 58 is divided by (q + 1 - (4 - 3)) + p.
18
Let k = -12292 - -12364. Let s = 634 - 275. What is the remainder when s is divided by k?
71
Let z = 139 - 67. Let j(s) be the first derivative of -s**4/4 + s**3/3 + 2*s**2 + s + 3. Calculate the remainder when z is divided by j(-3).
22
Let z be (22017/18 - 5) + 2/(-12). Suppose 28*y + y - z = 0. What is the remainder when 167 is divided by y?
41
Let s = 3490 - 3421. What is the remainder when 532 is divided by s?
49
Let m = -10005 + 10040. What is the remainder when 416 is divided by m?
31
Suppose -30 = -5*y, -567*c = -564*c - 5*y - 96. Calculate the remainder when 137 is divided by c.
11
Suppose 40 = n + 42. Calculate the remaind